{"id":36,"date":"2014-03-29T16:04:40","date_gmt":"2014-03-29T14:04:40","guid":{"rendered":"http:\/\/www.schanzenbuch.com\/?page_id=36"},"modified":"2014-10-28T16:32:55","modified_gmt":"2014-10-28T14:32:55","slug":"das-sortiment","status":"publish","type":"page","link":"https:\/\/www.schanzenbuch.com\/?page_id=36","title":{"rendered":"Das Sortiment &#8211; Literatur &#038; Politik"},"content":{"rendered":"<h1>Literatur &amp; Politik &#8211; Sortiment<\/h1>\n<section class=\"row\">\n<article class=\"col-sm-4\">\n<div class=\"img-frame\"><img loading=\"lazy\" decoding=\"async\" src=\"https:\/\/www.schanzenbuch.com\/wp-content\/uploads\/2014\/07\/Buchladen_10-963x1024.jpg\" width=\"963\" height=\"1024\" class=\"img-responsive\" alt=\"Das Sortiment\" \/><\/div>\n<\/article>\n<article class=\"col-sm-8\">\n<h2>Unsere Sortimentsschwerpunkte<\/h2>\n<ul>\n<li>Politik &amp; Geschichte<\/li>\n<li>Romane, Erz\u00e4hlungen und Lyrik<\/li>\n<li>Comics<\/li>\n<li>Philosophie &amp; Soziologie<\/li>\n<li>Internationalismus<\/li>\n<li>Feminismus- und Lesbenliteratur<\/li>\n<li>Queer-\/Gender-\/Transthematik<\/li>\n<li>Streetart und Grafikdesign<\/li>\n<li>Sprachf\u00fchrer &amp; W\u00f6rterb\u00fccher<\/li>\n<li>Reisef\u00fchrer<\/li>\n<li>Postkarten<\/li>\n<li><a href=\"https:\/\/www.schanzenbuch.com\/zeitschriften-sortiment\/\" title=\"Zeitschriften Sortiment\">Zeitschriften (komplette Liste)<\/a><\/li>\n<li>H\u00f6rbucher<\/li>\n<\/ul>\n<p>\u2026 und vieles mehr: Theater, Tanz, Kochen, Garten, Sport, Rechts- und Steuerratgeber, Medizin, Tod &amp; Trauer, Psychologie, Literatur in englischer, franz\u00f6sicher und spanischer Sprache<\/p>\n<\/article>\n<\/section>\n","protected":false},"excerpt":{"rendered":"<p>Literatur &amp; Politik &#8211; Sortiment Unsere Sortimentsschwerpunkte Politik &amp; Geschichte Romane, Erz\u00e4hlungen und Lyrik Comics Philosophie &amp; Soziologie Internationalismus Feminismus- und Lesbenliteratur Queer-\/Gender-\/Transthematik Streetart und Grafikdesign Sprachf\u00fchrer &amp; W\u00f6rterb\u00fccher Reisef\u00fchrer Postkarten Zeitschriften (komplette Liste) H\u00f6rbucher \u2026 und vieles mehr: Theater, Tanz, Kochen, Garten, Sport, Rechts- und Steuerratgeber, Medizin, Tod &amp; Trauer, Psychologie, Literatur in englischer, [&hellip;]<\/p>\n","protected":false},"author":1,"featured_media":0,"parent":20,"menu_order":12,"comment_status":"closed","ping_status":"closed","template":"","meta":{"footnotes":""},"class_list":["post-36","page","type-page","status-publish","hentry"],"_links":{"self":[{"href":"https:\/\/www.schanzenbuch.com\/index.php?rest_route=\/wp\/v2\/pages\/36","targetHints":{"allow":["GET"]}}],"collection":[{"href":"https:\/\/www.schanzenbuch.com\/index.php?rest_route=\/wp\/v2\/pages"}],"about":[{"href":"https:\/\/www.schanzenbuch.com\/index.php?rest_route=\/wp\/v2\/types\/page"}],"author":[{"embeddable":true,"href":"https:\/\/www.schanzenbuch.com\/index.php?rest_route=\/wp\/v2\/users\/1"}],"replies":[{"embeddable":true,"href":"https:\/\/www.schanzenbuch.com\/index.php?rest_route=%2Fwp%2Fv2%2Fcomments&post=36"}],"version-history":[{"count":0,"href":"https:\/\/www.schanzenbuch.com\/index.php?rest_route=\/wp\/v2\/pages\/36\/revisions"}],"up":[{"embeddable":true,"href":"https:\/\/www.schanzenbuch.com\/index.php?rest_route=\/wp\/v2\/pages\/20"}],"wp:attachment":[{"href":"https:\/\/www.schanzenbuch.com\/index.php?rest_route=%2Fwp%2Fv2%2Fmedia&parent=36"}],"curies":[{"name":"wp","href":"https:\/\/api.w.org\/{rel}","templated":true}]}}